t is g(-7)?
-5
Suppose 0 = -0*j + 3*j - 2*x - 10, -5 = x. Suppose 2*b + j = 4. Let r(t) = t**2 + 5. Let d(m) = -6*m**2 + 2*m - 25. Let g(q) = d(q) + 5*r(q). Calculate g(b).
0
Let z(o) = o - 13. Let v be z(9). Let j(d) = -d**2 - 2*d - 3. Determine j(v).
-11
Let m(v) be the first derivative of v**5/30 - v**4/4 + v**3 - 5*v**2/2 + 6. Let t(s) be the second derivative of m(s). Give t(4).
14
Let r(n) = -2*n**2 - 9*n + 10. Suppose 4*a = c - 1, -3*c - 2*a = c + 32. What is r(c)?
-25
Let w(q) = q**3 - 3*q**2 - 4*q + 3. Let z be (1 + 1 + -1)/(-1). Let k = 5 + z. What is w(k)?
3
Let d(c) = c**3 + 1. Let s(r) = -2*r**3 + 4*r**2 - 3*r - 5. Let j(h) = d(h) + s(h). Calculate j(3).
-4
Suppose 5*u - 4 = 6. Suppose 0*g = 2*g - u. Let y(j) = 5*j**2 - 3*j + 2. Let w(c) = c - 1. Let k(r) = -2*w(r) - y(r). Give k(g).
-4
Suppose 0 = -6*l + 1 + 5. Let u(r) be the third derivative of -7*r**6/120 + r**5/60 - r**3/6 - r**2. What is u(l)?
-7
Let h(z) be the third derivative of -z**6/120 - z**5/10 - z**4/6 - 7*z**3/6 - 45*z**2. Give h(-6).
17
Let t(v) be the third derivative of -v**7/840 - v**6/90 - v**5/40 + v**4/8 + v**3/6 + v**2. Let x(y) be the first derivative of t(y). What is x(-3)?
3
Let o(a) = -a**2 - 3*a + 1. Let q = 5 + -4. Let l be -2*q*10/4. Calculate o(l).
-9
Let w be -2*((-4)/8 - 2). Let p(z) = z**3 - 6*z**2 + 5*z + 6. What is p(w)?
6
Let d(u) be the third derivative of -3*u**5/20 - 3*u**2. Let t = 65 - 66. Calculate d(t).
-9
Let v(r) = 43*r**3 + 1 + 0*r**2 + 2*r + r**2 - 53*r**3. Determine v(-1).
10
Suppose 4*r = r + 12. Let f(j) = 5*j - 3. Let h(i) = -27*i + 15. Let q(a) = 22*f(a) + 4*h(a). What is q(r)?
2
Let u(s) = -s + 3. Let b = 1 - -1. Suppose -x + b*f = f - 8, -20 = -3*x + 2*f. Determine u(x).
-1
Let q be 1/(-2*1/6). Let c(d) be the first derivative of d**4/4 + 4*d**3/3 + d**2 - 2*d - 5. What is c(q)?
1
Suppose -r + 20 = -0*z + 5*z, 2*r = -2*z + 16. Let l(w) = -w**2 + 2*w**3 + z*w**3 + 2 - 2. Calculate l(1).
4
Let z(r) = -r**3 + 5*r**2 - 2. Let t be z(5). Let n(q) = 5*q - 8*q - 1 + 6*q. What is n(t)?
-7
Let v(q) = q - 1. Suppose -3*h - 3 = -57. Let x be h/(-4)*(-16)/6. Let g = x - 7. Calculate v(g).
4
Let t(z) = z**2 - 8*z + 5. Let v be t(8). Let w(f) = 1 - 6*f + 3 + 0*f**3 + 6*f**2 - f**3. What is w(v)?
-1
Let a(i) be the first derivative of -i**3/3 + 4*i - 6. What is a(0)?
4
Let q(t) = 3*t - 3. Let b = 6 - 2. Let v = 8 - b. Suppose 4*d - 20 = -v. Give q(d).
9
Suppose -5*k + 12 = l, 2*k = -k + 6. Let b(u) = u**3 + 2*u + 1. Determine b(l).
13
Let s = -6 + 8. Let k = s - -4. Let q(o) = -o**2 + o - 1. Let c(n) = n**3 - 3*n**2 - 3*n. Let t(f) = -c(f) - 3*q(f). Determine t(k).
3
Suppose 3*s = 12 + 6. Let q(p) = p**3 - 5*p**2 - 8*p + 8. Let d be q(s). Let o(m) = m + 5. Calculate o(d).
1
Suppose 10*b = 5*b + 3*d - 11, -4*b - 13 = -d. Let r(j) = j**3 + 2*j**2 - 7*j - 5. Give r(b).
-9
Suppose 0 = 3*l - 3 - 3. Let o(n) be the second derivative of -7/12*n**4 + 0 - l*n - 1/2*n**2 - 1/3*n**3. Determine o(-1).
-6
Let u(w) = w**2 + 2*w + 1. Suppose 0 = -3*f - 0*h + 2*h + 2, -12 = -2*f - 4*h. Suppose 0 = -4*v - 3*b + 27, -15 = 2*b - 5*b. Let j = f - v. Give u(j).
0
Let v(p) = 2*p + 2. Let j(x) = -2*x + 4. Let n be (2*-2 - -2)*-2. Let a be j(n). What is v(a)?
-6
Let z = -5 - 1. Let v(x) = -x + 5. Determine v(z).
11
Let n(l) be the first derivative of -1 + 2 - 6*l**2 + 5*l**2. Give n(-3).
6
Let c(t) = 3*t + 2. Suppose 22 = 6*m - 2. What is c(m)?
14
Let f(n) = n**3 - 8*n**2 - 10*n + 12. Let p be f(9). Let o(g) = -5*g + 6*g + 1 - p*g - g. What is o(-4)?
13
Let l(j) be the second derivative of -j**4/12 - j**3/3 + j**2 - 21*j. Let s be ((-4)/3)/(2/6). What is l(s)?
-6
Let t(p) be the second derivative of p**5/20 - 7*p**4/12 + 4*p**3/3 - 9*p**2/2 + 13*p. Determine t(6).
3
Suppose 6 = -4*z + 10. Let y(j) = 2*j**2 + 1 - j - 2 + 2. Calculate y(z).
2
Let r(q) be the third derivative of q**5/12 + q**4/24 - q**3/6 - 6*q**2. Let n(t) = -t**2 - 3*t + 11. Let j be n(-5). Determine r(j).
5
Suppose -6*w + 7 = y - 5*w, 0 = y - w - 3. Suppose u - 3*u + 2*n = 2, 3*u = -y*n + 5. Let o(q) = q**3 - q**2 - q - 3. What is o(u)?
-3
Suppose -3*h = -h - 2*o + 4, 0 = 5*h + o + 34. Let i be h/15 - (-12)/5. Let r(n) = 3 - i + 0*n + n + 1. What is r(-5)?
-3
Suppose 0 = 37*c - 36*c + 4. Let u(v) = v + 5. Determine u(c).
1
Let a(i) = i**3 - 6*i**2 - i. Suppose 4*d - 10 = -5*h - 0, 0 = 3*d + 15. Suppose -2*p + h + 5 = z, 5*z - 25 = -5*p. Give a(p).
-6
Suppose 4*b = -3*k + 9, 0*k + 10 = -2*k. Let v(s) = 0 + b + 2 - s - 4. Give v(3).
1
Let i(j) = -2*j**3 + 7*j**2 + 5*j - 5. Let f be i(4). Let x(s) = 7*s + 1. What is x(f)?
-6
Let s(q) = -3*q + 7. Let d(j) = 9*j - 20. Suppose -2*n = -0*n. Suppose -k - 6 = -n*k. Let v(m) = k*d(m) - 17*s(m). Determine v(-1).
4
Let b(z) be the second derivative of -z**4/12 + z**3 - 3*z**2 + 20*z. Give b(6).
-6
Let x(w) be the first derivative of w**3 - 2*w**2 + 3*w - 1. Let i be 3*6/45*5. What is x(i)?
7
Let l(v) be the second derivative of v**4/24 - v**3 - 3*v**2/2 + 7*v. Let q(a) be the first derivative of l(a). What is q(6)?
0
Suppose -2*c + c - 2*f = 8, 24 = 2*c - 4*f. Suppose -2*r + r + 2 = 0. Let h(b) = -r - c*b**2 + b**2 + 8*b - 3 - 1. Give h(6).
6
Let y(o) be the third derivative of -o**6/120 - o**5/60 - o**4/24 + 7*o**3/6 - 5*o**2. Calculate y(0).
7
Let q(y) be the third derivative of 0 + 1/3*y**3 + 1/60*y**5 + 3*y**2 + 5/24*y**4 + 0*y. Calculate q(-5).
2
Let p(q) = 7*q**2 + 6*q + 1. Let w(y) = 6*y**2 + 6*y + 1. Let s(c) = -5*p(c) + 6*w(c). Suppose 3*l = 4*j - 0*j + 19, 4*j - l + 17 = 0. Calculate s(j).
-7
Let o(g) = g**2 + 5*g + 2. Let p = -12 - -16. Let w = 2 - 3. Let h = w - p. Calculate o(h).
2
Suppose 5*i + 5*w - 140 = 2*w, 50 = 3*i - 5*w. Let o(l) = 2*l - 24 + 0*l + i - 3*l. Let z = 8 + -5. What is o(z)?
-2
Let v(x) be the third derivative of x**8/6720 + x**7/630 - x**6/240 + x**5/60 - x**4/8 - 2*x**2. Let u(j) be the second derivative of v(j). Give u(-5).
-8
Let v(y) = -1 + 481*y - 482*y + 0. Determine v(-4).
3
Let t(a) = -11*a**3 + 21*a**2 + 13*a + 13. Let u(m) = 5*m**3 - 10*m**2 - 6*m - 6. Let b(w) = 6*t(w) + 13*u(w). What is b(-3)?
-9
Let r(f) = -7*f**3 + f - 4*f**3 + 4*f**3. What is r(-1)?
6
Let b(y) = y - 7 + 7 - 7. Let u(z) = 4*z - 34. Let j(f) = 14*b(f) - 3*u(f). What is j(-4)?
-4
Let q(g) be the first derivative of 3*g**2 - 2*g + 49. Determine q(-2).
-14
Let u(j) = j**3 + 6*j**2 + 7*j + 13. Let v be u(-5). Let o(z) = -z**2 - 2*z - 3. Calculate o(v).
-18
Let p(i) = -i + 4. Let q be p(9). Let n(o) = -o**3 - 5*o**2 + 6*o + 3. Let g(w) = w**3 + 5*w**2 - 7*w - 4. Let b(u) = -5*g(u) - 6*n(u). Determine b(q).
7
Let n be (-130)/(-39)*6/(-4). Let f(m) = m**3 - 4*m**2 - 1 + 8*m**2 - 4*m - 1. Calculate f(n).
-7
Let w(f) = 5 - 4*f - 6*f**2 - 2*f - f + f**3. Let r be w(7). Let s(y) = 0*y - 4 + y**3 - 5*y**2 + y + 5. Give s(r).
6
Let g(y) be the third derivative of y**6/24 + y**5/60 + y**4/24 + y**2. Let j be g(-1). Let f(w) = -w**2 - 4*w + 1. Determine f(j).
-4
Let u = -14 + 7. Let n be ((-18)/u)/((-1)/(-7)). Let k be ((-3)/(-9))/(2/n). Let g(q) = -q**2 + 4*q + 1. Calculate g(k).
4
Let d(x) = x + 7. Let b = -9 - -15. Suppose -5*h + 6*h = -b. Determine d(h).
1
Let s(z) = 3*z - 2*z - 7*z**3 + 0*z**3. Let a = 14 + -15. Give s(a).
6
Let b(h) = 4*h**2 - 7*h + 4. Let c(i) = 3*i**2 - 7*i + 3. Let g(o) = -4*b(o) + 5*c(o). Calculate g(-3).
11
Let x(j) = j**3 - 6*j**2 - 2*j + 9. Let w(q) be the first derivative of -q**3/3 + 5*q**2/2 - 4. Let i be w(3). Give x(i).
-3
Let l(m) = -m**2 + 3*m + 23. Let h(g) = g**2 - 4*g - 24. Let y(n) = -2*h(n) - 3*l(n). Calculate y(0).
-21
Let w = -11 - -16. Let m(q) = -q**2 + 3*q - 2. Calculate m(w).
-12
Let j(p) = -p**2 - 7*p + 11. Suppose 7*g + 18 = 5*g. Determine j(g).
-7
Let y(x) = -x**2 + 7*x - 8. Let g = 27 + -15. Let z be -9*1/(g/(-8)). Give y(z).
-2
Let d(w) = 2*w - 2. Let j be (-3)/9*3*2. What is d(j)?
-6
Let m(k) = k - 3. Let i be m(5). Let u be (i + (-15)/9)*27. Let o(r) = r**2 - 8*r - 6. Give o(u).
3
Let w(k) be the first derivative of 1/3*k**3 + 7 - 3*k - 1/2*k**2. What is w(-3)?
9
Let w(a) = 8*a + 3. Let r be (-9)/6 - 4/(-8). Let t(j) = -j. Let n(k) = r*w(k) - 6*t(k). Give n(-5).
7
Let m = 132 + -127. Let l(w) = -w**2 + 6*w - 3. Determine l(m).
2
Let l(k) = -k**2 - 6*k. Suppose -3*r + 1 = 19. Let u be l(r). Let o(z) = 2 +